se 13) in base 15?
-44342a
Convert -115444256 (base 7) to base 4.
-123223032110
What is -101111102110 (base 3) in base 6?
-4232320
Convert 100011100111100010 (base 2) to base 8.
434742
191431 (base 11) to base 10
294669
Convert 2220002121 (base 4) to base 15.
d8e06
Convert -94001 (base 13) to base 7.
-2155016
Convert -12013023 (base 6) to base 4.
-1123212213
Convert -163334653 (base 7) to base 16.
-a9a6fe
-28169a1 (base 11) to base 2
-10010100001011000111101
Convert -14003122 (base 5) to base 8.
-423355
-300510 (base 8) to base 14
-27d32
-32103110202 (base 4) to base 2
-1110010011010100100010
Convert 22231432 (base 5) to base 2.
101111110100011011
-575b6 (base 14) to base 16
-33dcc
130132011 (base 4) to base 3
12220222000
756594 (base 10) to base 2
10111000101101110010
Convert -3032020133 (base 4) to base 5.
-204004234
Convert 128e05 (base 15) to base 12.
36b5b8
What is 98831 (base 12) in base 6?
4153301
What is 9b67a4 (base 12) in base 14?
487656
Convert 15830583 (base 10) to base 12.
5375273
What is d817a (base 14) in base 7?
4301613
11c316 (base 15) to base 6
30124420
Convert 122010322 (base 4) to base 12.
5198a
23513252 (base 7) to base 3
10221001200202
Convert 45019 (base 11) to base 12.
31907
Convert 2888600 (base 10) to base 8.
13011630
Convert 29e5a (base 16) to base 6.
3402254
21110200221 (base 3) to base 2
100011111001100000
122202213 (base 4) to base 2
11010100010100111
Convert -122212011020022 (base 3) to base 9.
-18764208
Convert 1254833 (base 9) to base 7.
5554551
-1000010010110000011 (base 2) to base 3
-111210202201
101001011011101010 (base 2) to base 15
3543b
What is -12324103 (base 5) in base 4?
-131123100
100101101111110110100101 (base 2) to base 11
5649568
-1642447 (base 9) to base 7
-10524103
Convert 103233203013 (base 4) to base 10.
5175495
What is -106530 (base 7) in base 4?
-10222323
Convert 222104 (base 11) to base 16.
5677b
242003331 (base 6) to base 7
53604355
-212223021113 (base 4) to base 9
-21061885
Convert 23276402 (base 9) to base 4.
223031313122
Convert 298789 (base 13) to base 14.
1c7267
What is -2331368 (base 9) in base 13?
-351b06
Convert -121032313301 (base 4) to base 16.
-64edf1
What is -152b4 (base 14) in base 12?
-265a6
-5a02e (base 16) to base 7
-3063613
Convert 110100100001110 (base 2) to base 7.
141260
103332 (base 14) to base 12
224454
Convert 532042 (base 6) to base 16.
a8da
What is 1431004 (base 5) in base 9?
45286
Convert -372176 (base 8) to base 4.
-133101332
-11321432 (base 5) to base 9
-168451
What is -100012111121222 (base 3) in base 4?
-102222022313
33c9ed (base 15) to base 7
30006115
Convert 614072 (base 9) to base 4.
1120310330
Convert 38353 (base 9) to base 2.
110010011001110
10c0bd0 (base 15) to base 5
11033011140
Convert 5251170 (base 11) to base 9.
18364874
What is -552412244 (base 6) in base 2?
-100101110110110110100100
Convert 24462422 (base 7) to base 13.
5c0603
4101636 (base 7) to base 8
1671203
What is -83d8c (base 14) in base 16?
-4db18
Convert -42867 (base 15) to base 9.
-351567
Convert 41b085 (base 12) to base 11.
647817
221e0 (base 16) to base 9
232621
Convert -303315322 (base 6) to base 9.
-10712375
Convert 22102526 (base 7) to base 9.
3515448
-5cb7a (base 13) to base 10
-171129
-188209 (base 10) to base 5
-22010314
-1342a (base 15) to base 10
-61690
Convert 91955 (base 10) to base 16.
16733
What is 2595164 (base 12) in base 5?
3344132422
Convert -533023 (base 11) to base 13.
-23b466
What is 141186 (base 9) in base 7?
506154
98fd4 (base 16) to base 3
1011211121001
What is d2a7 (base 15) in base 6?
541534
-11120322 (base 5) to base 11
-67874
Convert 19a91 (base 16) to base 13.
38ac0
10011001100000000001 (base 2) to base 5
130104422
76c71 (base 13) to base 14
58617
Convert -40036 (base 12) to base 5.
-10123421
What is -3b816 (base 12) in base 11?
-56997
-6441355 (base 8) to base 12
-6abba5
13d0a1 (base 14) to base 16
a82f5
Convert 891bbb (base 12) to base 9.
4083358
-10311303 (base 4) to base 2
-100110101110011
Convert 83709 (base 12) to base 16.
2a039
31332213011 (base 4) to base 7
43101110
Convert 10551432 (base 6) to base 9.
545662
-318805 (base 10) to base 7
-2465314
1376418 (base 11) to base 2
1001000001100011111010
Convert 11011011100000001 (base 2) to base 9.
181142
Convert 4204656 (base 7) to base 6.
14502113
Convert -10011111010100100101 (base 2) to base 6.
-21553113
What is -b11 (base 12) in base 6?
-11221
11110110101110 (base 2) to base 7
64015
What is 14342446 (base 7) in base 14?
273b96
What is 131438 (base 12) in base 5?
40012023
Convert 12234044 (base 6) to base 7.
3226315
What is -101101011011011010001 (base 2) in base 15?
-1e60e8
-44c98 (base 16) to base 12
-117074
What is -1431324400 (base 5) in base 11?
-214a670
Convert -4ae05e (base 16) to base 5.
-2224011402
What is 6772d (base 16) in base 5?
102024400
What is 353122 (base 8) in base 4?
131121102
Convert 20303322 (base 4) to base 5.
2123330
Convert -1b7695 (base 12) to base 15.
-9a2bb
Convert -576630 (base 9) to base 12.
-148323
What is -1dad01 (base 14) in base 15?
-161331
Convert 38d1b3 (base 16) to base 6.
211451203
cbc6c (base 16) to base 13
232bb3
40042112 (base 5) to base 10
315282
592412 (base 11) to base 9
1682617
What is 9067a (base 16) in base 11?
374431
Convert 1012455 (base 7) to base 11.
82985
What is -2513642 (base 7) in base 2?
-1001110111000001111
What is 21560405 (base 8) in base 15?
61b500
Convert -251752 (base 10) to base 13.
-8a787
Convert -1615567 (base 10) to base 11.
-a03888
What is -12211022110102 (base 3) in base 4?
-23303331032
What is -680447 (base 9) in base 16?
-6366d
What is 121410421 (base 5) in base 8?
2144370
Convert 17b8097 (base 14) to base 7.
201531250
What is -3244444 (base 5) in base 13?
-1c7ab
18580217 (base 10) to base 13
3b07116
-55aa4a9 (base 11) to base 13
-205c36b
13051817 (base 9) to base 14
bcc798
Convert 112025231 (base 6) to base 13.
570151
Convert -3501381 (base 10) to base 6.
-203014033
What is -1101110010001001010 (base 2) in base 7?
-3560534
Convert -12100525 (base 6) to base 7.
-3145301
What is 111101101001010010101 (base 2) in base 9?
3717812
What is -84a93 (base 16) in base 14?
-10204b
Convert 1210123 (base 6) to base 13.
22c0b
Convert aee28 (base 16) to base 6.
23204200
Convert 511c84 (base 15) to base 9.
7223247
-44422241 (base 5) to base 16
-5efcf
What is -2469137 (base 10) in base 11?
-1437110
3231000010 (base 4) to base 16
ed004
3180c (base 15) to base 5
20011222
Convert 290a6 (base 12) to base 4.
31330332
f1aee (base 16) to base 15
1484a9
What is -ca307a (base 14) in base 4?
-122013132310
153a944 (base 12) to base 5
2100422410
What is -dd2bda (base 14) in base 11?
-4262093
Convert -47137 (base 8) to base 3.
-1000112002
What is -509a95 (base 15) in base 6?
-214025452
11000000100100100 (base 2) to base 10
98596
Convert 1011202133 (base 4) to base 2.
1000101100010011111
Convert -5286300 (base 10) to base 6.
-305145340
Convert -122021002101 (base 3) to base 11.
-21230a
-174b777 (base 12) to base 8
-22333213
What is 444b959 (base 12) in base 13?
2918706
What is -6110 (base 12) in base 13?
-4a37
412671 (base 9) to base 3
110102202101
Convert -214638 (base 10) to base 14.
-58314
Convert 110111010000110010101 (base 2) to base 10.
1810837
Convert 1b36 (base 14) to base 9.
6707
What is -222331030101 (base 4) in base 9?
-23162676
What is 412440413 (base 5) in base 7?
20224214
b6406b (base 12) to base 16
2bc553
-150749 (base 12) to base 10
-353577
What is 49850 (base 12) in base 2?
11000010101111100
What is -3a42a (base 12) in base 7?
-452344
What is -3013043 (base 6) in base 11?
-97706
Convert 466651 (base 7) to base 5.
10142042
-5b0b5 (base 12) to base 15
-265d5
Convert -95546 (base 16) to base 8.
-2252506
-95326 (base 10) to base 7
-544630
Convert -183833 (base 10) to base 9.
-310148
-1da9d5 (base 15) to base 14
-29b999
Convert -4450060 (base 7) to base 13.
-16338a
14661224 (base 7) to base 3
2122121221112
-340532 (base 10) to base 15
-6ad72
Convert -686d78 (base 14) to base 9.
-6615301
Convert 150524 (base 7) to base 2.
111000110010011
Convert -258825 (base 13) to base 2.
-11011100110010011110
What is 1869844 (base 11) in base 4?
30003223222
What is 2346206 (base 7) in base 13?
a5536
What is -3507884 (base 11) in base 8?
-27305213
What is 7bad38 (base 